 the highest common factor of 4797152 and 64?
32
What is the greatest common factor of 197 and 2210340?
197
Calculate the greatest common divisor of 35673 and 424281.
759
Calculate the highest common divisor of 10778 and 2482.
34
Calculate the highest common factor of 433511 and 52.
13
Calculate the greatest common divisor of 309 and 3433917.
309
Calculate the highest common divisor of 2075796 and 436.
436
Calculate the greatest common factor of 150 and 9315.
15
What is the greatest common factor of 133 and 3743?
19
What is the greatest common factor of 272 and 150208?
16
Calculate the highest common divisor of 9600 and 154600.
200
Calculate the greatest common factor of 18 and 2359128.
6
Calculate the greatest common divisor of 34 and 3571.
1
What is the highest common factor of 117 and 10959?
39
What is the greatest common divisor of 20144 and 3632?
16
Calculate the greatest common divisor of 33361 and 219.
73
Calculate the highest common factor of 64 and 2788256.
32
Calculate the highest common divisor of 107868 and 36.
12
Calculate the greatest common factor of 2040 and 231540.
1020
Calculate the highest common divisor of 30213 and 67513.
373
Calculate the highest common factor of 515 and 560.
5
What is the highest common divisor of 1031918 and 46?
46
What is the highest common factor of 83 and 686659?
83
What is the highest common divisor of 61 and 827?
1
Calculate the greatest common divisor of 742215 and 60.
15
What is the highest common factor of 896489 and 717?
239
Calculate the highest common divisor of 3348309 and 118.
59
What is the greatest common factor of 48875 and 3128?
391
Calculate the highest common factor of 42504 and 112.
56
What is the greatest common divisor of 26819 and 1651?
13
What is the highest common factor of 43856 and 16?
16
Calculate the highest common divisor of 35 and 35285.
5
What is the highest common divisor of 540883 and 7?
7
Calculate the greatest common divisor of 13 and 932763.
13
What is the highest common divisor of 357 and 567?
21
Calculate the greatest common factor of 143440 and 224.
16
What is the greatest common factor of 5340 and 13172?
356
Calculate the highest common divisor of 49137 and 407.
11
Calculate the greatest common factor of 16 and 201104.
16
Calculate the highest common factor of 10 and 65.
5
Calculate the greatest common factor of 53142 and 833.
17
What is the highest common factor of 1147844 and 536?
268
Calculate the greatest common divisor of 37922 and 670.
134
Calculate the highest common factor of 98766 and 13452.
354
What is the greatest common factor of 8906 and 14762?
122
Calculate the greatest common factor of 868 and 1519.
217
Calculate the greatest common divisor of 6069 and 595.
119
What is the highest common divisor of 44122 and 221?
13
What is the highest common divisor of 341 and 1991?
11
What is the highest common divisor of 160 and 270640?
80
What is the greatest common factor of 250 and 16570?
10
What is the highest common factor of 1066 and 55186?
82
Calculate the greatest common factor of 272748 and 700.
28
What is the highest common divisor of 22515 and 202065?
285
Calculate the highest common divisor of 4296 and 2188096.
1432
What is the greatest common factor of 875 and 335?
5
What is the greatest common divisor of 12748 and 40?
4
Calculate the greatest common divisor of 18 and 12519.
9
What is the greatest common factor of 79 and 627181?
79
Calculate the greatest common divisor of 1273571 and 13.
13
Calculate the greatest common divisor of 5990 and 46722.
1198
What is the highest common factor of 71574 and 3318?
474
What is the highest common divisor of 91 and 446238?
13
Calculate the highest common divisor of 690198 and 1332.
222
What is the highest common factor of 85973 and 9809?
577
Calculate the highest common divisor of 86258 and 34.
34
Calculate the highest common factor of 51 and 31263.
51
Calculate the greatest common factor of 252 and 6889302.
126
What is the greatest common divisor of 304214 and 222?
74
What is the highest common divisor of 8498 and 266?
14
Calculate the highest common factor of 172 and 475666.
86
Calculate the highest common divisor of 4843 and 501.
167
What is the highest common factor of 7 and 168497?
7
What is the highest common divisor of 4176 and 783?
261
What is the highest common factor of 371427 and 69?
69
Calculate the highest common factor of 18020 and 3485.
85
What is the highest common divisor of 300 and 30372?
12
Calculate the greatest common factor of 55 and 9097.
11
What is the highest common divisor of 2586 and 4?
2
What is the highest common divisor of 18 and 1389951?
9
What is the greatest common factor of 434239 and 39?
13
Calculate the greatest common factor of 108 and 75.
3
What is the highest common factor of 155346 and 204?
102
What is the highest common divisor of 50268 and 1593?
177
What is the greatest common divisor of 154396 and 25868?
116
What is the greatest common divisor of 1231583 and 292?
73
Calculate the highest common divisor of 4098 and 18.
6
Calculate the greatest common divisor of 1750 and 12400500.
1750
Calculate the greatest common divisor of 200 and 183100.
100
Calculate the greatest common factor of 20129 and 4.
1
What is the highest common divisor of 46 and 2784564?
46
What is the greatest common divisor of 9620 and 30303?
481
What is the highest common divisor of 283316 and 274?
274
What is the greatest common factor of 14 and 195958?
14
Calculate the greatest common factor of 82277 and 3614.
13
Calculate the greatest common factor of 56 and 4060588.
28
What is the greatest common factor of 13095 and 90?
45
What is the greatest common divisor of 2387 and 426932?
341
What is the highest common factor of 2484 and 4807?
23
What is the greatest common divisor of 10751 and 28945?
827
What is the greatest common divisor of 396276 and 12?
12
Calculate the highest common factor of 161 and 10879.
23
Calculate the highest common divisor of 63796 and 14393.
389
What is the greatest common divisor of 92 and 506?
46
Calculate the greatest common divisor of 266 and 167846.
266
Calculate the highest common factor of 7 and 993.
1
Calculate the greatest common factor of 1401612 and 1084.
1084
Calculate the highest common divisor of 6 and 2797872.
6
What is the greatest common divisor of 9729 and 247549?
1081
What is the greatest common factor of 5994 and 36?
18
What is the highest common divisor of 917 and 125891?
131
Calculate the highest common factor of 395 and 1008593.
79
What is the highest common factor of 3096 and 14362?
86
Calculate the highest common factor of 8103 and 23199.
111
What is the highest common factor of 88 and 21396?
4
What is the highest common divisor of 6860 and 98?
98
Calculate the highest common factor of 250 and 2146750.
250
What is the greatest common factor of 326 and 28851?
163
Calculate the highest common divisor of 63 and 567.
63
What is the greatest common factor of 207 and 3262527?
207
Calculate the greatest common divisor of 301 and 8071.
7
Calculate the greatest common factor of 200235 and 525.
105
Calculate the highest common divisor of 453 and 119894.
151
What is the greatest common factor of 11 and 87593?
11
Calculate the highest common factor of 882 and 186298.
98
What is the highest common factor of 37014 and 12?
6
What is the greatest common factor of 251446 and 2470?
494
Calculate the highest common factor of 62161 and 11.
11
Calculate the greatest common divisor of 187 and 712844.
187
What is the greatest common divisor of 3406 and 1118?
26
Calculate the greatest common factor of 3985 and 157806.
797
What is the highest common divisor of 832 and 544648?
104
Calculate the highest common factor of 14 and 184492.
14
Calculate the highest common factor of 13266 and 330.
66
Calculate the greatest common divisor of 98747 and 94.
47
What is the greatest common divisor of 3113859 and 21?
21
What is the greatest common factor of 13230 and 80752?
98
Calculate the highest common factor of 7315 and 1890.
35
Calculate the greatest common divisor of 13977 and 54.
9
Calculate the greatest common divisor of 250 and 3890.
10
What is the highest common factor of 3245 and 1562?
11
Calculate the greatest common divisor of 350 and 41874.
14
What is the highest common factor